 173, 8329
What are the prime factors of 164285326?
2, 82142663
List the prime factors of 47227742.
2, 331, 71341
What are the prime factors of 504097151?
19, 53, 26347
List the prime factors of 166529305.
5, 101, 329761
List the prime factors of 3697841528.
2, 137, 883, 3821
List the prime factors of 644262032.
2, 19, 101, 20983
What are the prime factors of 7597633006?
2, 277, 13714139
List the prime factors of 5735137883.
23, 249353821
What are the prime factors of 4093075?
5, 7, 19, 1231
List the prime factors of 1124957532.
2, 3, 93746461
What are the prime factors of 22940614?
2, 23, 21683
List the prime factors of 1332456.
2, 3, 59, 941
What are the prime factors of 1257860671?
47, 26762993
What are the prime factors of 560367745?
5, 7, 23, 696109
List the prime factors of 4933393.
29, 311, 547
What are the prime factors of 84453356?
2, 13, 271, 461
What are the prime factors of 195872909?
195872909
List the prime factors of 54390578.
2, 11, 19, 130121
What are the prime factors of 25876656?
2, 3, 13, 23, 601
List the prime factors of 1208783.
31, 38993
List the prime factors of 3067346062.
2, 11, 53, 163, 16139
What are the prime factors of 3661511660?
2, 5, 19, 9635557
What are the prime factors of 99462562?
2, 139, 357779
What are the prime factors of 328174148?
2, 109, 113, 6661
List the prime factors of 305749569.
3, 101916523
List the prime factors of 36596649.
3, 12198883
List the prime factors of 74825445.
3, 5, 4988363
What are the prime factors of 4191007360?
2, 5, 521, 12569
What are the prime factors of 95871534?
2, 3, 11, 17, 85447
List the prime factors of 71028729.
3, 401, 19681
List the prime factors of 283480931.
19, 89, 167641
What are the prime factors of 73039694?
2, 7, 13, 57331
What are the prime factors of 7920538855?
5, 1584107771
List the prime factors of 262868816.
2, 7, 2347043
What are the prime factors of 2082397249?
43, 859, 56377
List the prime factors of 533942194.
2, 23, 11607439
List the prime factors of 17780419.
17, 1045907
List the prime factors of 31724991.
3, 3524999
List the prime factors of 2736125408.
2, 29, 2948411
List the prime factors of 1229395699.
7, 7829, 22433
What are the prime factors of 2308628803?
13, 177586831
What are the prime factors of 672429960?
2, 3, 5, 29, 2221
What are the prime factors of 578286473?
578286473
List the prime factors of 18021671.
19, 929, 1021
List the prime factors of 3171714949.
13, 29, 8413037
List the prime factors of 2466006960.
2, 3, 5, 19, 479, 1129
What are the prime factors of 130411357?
23, 5670059
List the prime factors of 2613984351.
3, 11, 71, 1115657
What are the prime factors of 171603174?
2, 3, 19, 1505291
What are the prime factors of 11594842?
2, 7, 163, 5081
What are the prime factors of 1716548602?
2, 929, 923869
List the prime factors of 63638949.
3, 11, 163, 11831
List the prime factors of 1511231220.
2, 3, 5, 1181, 7109
List the prime factors of 4363379568.
2, 3, 30301247
What are the prime factors of 204477716?
2, 59, 866431
List the prime factors of 674028089.
7, 96289727
List the prime factors of 647939340.
2, 3, 5, 3599663
List the prime factors of 488136799.
488136799
List the prime factors of 2339463948.
2, 3, 61, 109, 269
What are the prime factors of 1708435590?
2, 3, 5, 1367, 41659
List the prime factors of 9590233.
9590233
List the prime factors of 37673119.
11, 83, 41263
List the prime factors of 2294495330.
2, 5, 229449533
What are the prime factors of 169106932?
2, 42276733
What are the prime factors of 514813616?
2, 71, 453181
List the prime factors of 1478818193.
2411, 613363
List the prime factors of 115297624.
2, 13, 19, 37, 83
What are the prime factors of 1741629887?
29, 60056203
List the prime factors of 26378483.
26378483
List the prime factors of 2793381356.
2, 31, 22527269
List the prime factors of 372499795.
5, 3767, 19777
What are the prime factors of 908939042?
2, 11, 41315411
What are the prime factors of 41180682?
2, 3, 53, 129499
What are the prime factors of 1688767?
523, 3229
List the prime factors of 61693900.
2, 5, 83, 7433
List the prime factors of 192174228.
2, 3, 547, 3253
What are the prime factors of 323940072?
2, 3, 13497503
List the prime factors of 1358193272.
2, 169774159
List the prime factors of 248002523.
248002523
List the prime factors of 42995114.
2, 809, 26573
What are the prime factors of 312306975?
3, 5, 462677
List the prime factors of 1620602003.
1620602003
What are the prime factors of 226075392?
2, 3, 98123
What are the prime factors of 575557209?
3, 63950801
What are the prime factors of 1856239936?
2, 29003749
List the prime factors of 3630658750.
2, 5, 307, 9461
What are the prime factors of 48004493?
1613, 29761
List the prime factors of 963087901.
23, 673, 62219
List the prime factors of 87042448.
2, 17, 320009
List the prime factors of 424699133.
424699133
What are the prime factors of 3233663815?
5, 83, 7791961
List the prime factors of 1610543860.
2, 5, 53, 317, 4793
List the prime factors of 1004332973.
7, 23, 1609, 3877
List the prime factors of 190623566.
2, 7, 13615969
List the prime factors of 140295432.
2, 3, 71, 281, 293
What are the prime factors of 47079868?
2, 11, 17, 113, 557
List the prime factors of 263855005.
5, 52771001
List the prime factors of 93009528.
2, 3, 1291799
What are the prime factors of 204259309?
241, 847549
What are the prime factors of 876944107?
13, 19, 43, 82567
What are the prime factors of 43338934?
2, 29, 747223
List the prime factors of 16816208.
2, 71, 113, 131
List the prime factors of 48448580.
2, 5, 23, 105323
What are the prime factors of 375635108?
2, 2791, 33647
What are the prime factors of 3595641527?
5653, 636059
What are the prime factors of 10065381?
3, 3355127
List the prime factors of 215092670.
2, 5, 13, 17, 97327
What are the prime factors of 7750591582?
2, 97, 599, 66697
List the prime factors of 4543589980.
2, 5, 227179499
What are the prime factors of 52820058?
2, 3, 8803343
List the prime factors of 52422062.
2, 7, 11, 6947
List the prime factors of 125795981.
3919, 32099
List the prime factors of 750445458.
2, 3, 7, 31, 576379
List the prime factors of 34410714.
2, 3, 13, 23, 19181
List the prime factors of 4610113114.
2, 563, 4094239
List the prime factors of 138861811.
11, 311, 40591
What are the prime factors of 70521703?
7, 23, 127, 3449
List the prime factors of 26605074.
2, 3, 4434179
List the prime factors of 30647955.
3, 5, 13, 73, 2153
What are the prime factors of 478593340?
2, 5, 1433, 16699
List the prime factors of 41920648.
2, 7, 11, 68053
What are the prime factors of 146713974?
2, 3, 11, 71, 131, 239
List the prime factors of 278458235.
5, 11, 383, 13219
List the prime factors of 4115797296.
2, 3, 13, 71, 92899
List the prime factors of 454855632.
2, 3, 7, 11, 17581
What are the prime factors of 299261062?
2, 883, 169457
What are the prime factors of 2169495348?
2, 3, 180791279
What are the prime factors of 26110683?
3, 2901187
List the prime factors of 56442269.
13, 1861, 2333
List the prime factors of 3842308756.
2, 11, 13, 6717323
What are the prime factors of 822019740?
2, 3, 5, 13700329
What are the prime factors of 421093753?
421093753
What are the prime factors of 342104832?
2, 3, 148483
What are the prime factors of 2742195078?
2, 3, 7, 21763453
List the prime factors of 9669656.
2, 1208707
What are the prime factors of 5912652547?
17, 347803091
List the prime factors of 171258901.
11, 17, 67, 13669
What are the prime factors of 95149490?
2, 5, 9514949
List the prime factors of 199472005.
5, 29, 1375669
What are the prime factors of 90950377?
7, 1087, 11953
List the prime factors of 1714997068.
2, 428749267
What are the prime factors of 2421002491?
17551, 137941
What are the prime factors of 133452410?
2, 5, 7, 13, 53, 2767
List the prime factors of 243159124.
2, 13, 53, 83, 1063
What are the prime factors of 67872476?
2, 7, 2424017
What are the prime factors of 614094072?
2, 3, 389, 65777
What are the prime factors of 224961027?
3, 163, 521, 883
What are the prime factors of 854203584?
2, 3, 13, 29, 11801
List the prime factors of 477949860.
2, 3, 5, 67, 39631
What are the prime factors of 1838998252?
2, 7, 13, 1657, 3049
What are the prime factors of 43542397?
1601, 27197
List the prime f